681, 5*r + 5*n - 8439 = 2*n. Is r a composite number?
True
Suppose u + 5*g = 119, 2*u = -2*u + 3*g + 591. Suppose -w + 2*o = -164, -o - u - 18 = -w. Suppose -3*b + 0*b = 2*j - 59, 5*j - 5*b - w = 0. Is j prime?
True
Let j be (3 - (-9 - -2))*-1. Let o(w) = w**3 + 11*w**2 + 9*w + 25. Is o(j) composite?
True
Suppose -3*a = 269 + 1597. Let b = -111 - a. Is b a prime number?
False
Let v = 4 - 6. Is (-12)/6 + 1 + (168 - v) a composite number?
True
Let q = -37 + -963. Let b = 1491 + q. Is b composite?
False
Suppose 6*l - 15771 = 22347. Is l composite?
False
Let f = -50 + 40. Let i(k) = 77*k + 25. Let b be i(f). Is (b/(-4))/(3/12) composite?
True
Let t = 112 + -102. Suppose -5*r + t*r - 8114 = d, 0 = -3*r + 3*d + 4866. Is r prime?
False
Let f(t) = 415*t + 3. Let r be f(1). Suppose -2*i = -r - 84. Is i composite?
False
Let h(x) = 255*x + 15. Let v(b) = -256*b - 17. Let d(p) = 3*h(p) + 4*v(p). Is d(-6) composite?
False
Suppose -36217 - 78268 = -7*b. Is b a composite number?
True
Suppose 0*y = 5*y - 20555. Is y a composite number?
False
Suppose 5*j = 4*j - 2. Let i be (7/4)/(j/(-752)). Suppose 0*n - i = -2*v - 4*n, -4*v = 2*n - 1340. Is v prime?
True
Let n(y) = -6 - 5 + 6 + 18*y + 93*y. Let j(l) = 56*l - 3. Let p(s) = -11*j(s) + 6*n(s). Is p(4) a composite number?
True
Suppose -5*p = 2*m - 23, p - 30 = -3*m + 11. Let l be (-2)/m - 2/(-14). Is (-3 + l - -4)*409 prime?
True
Suppose 3*g - 4 = -4*z, 2*g - z = -5*z. Suppose 0*l + 2204 = l + 5*h, -5*h = g*l - 8741. Is l a prime number?
True
Suppose 80257 = 5*h + 2*m - 72958, -h = 5*m - 30666. Is h prime?
False
Let s(q) = -547*q - 96. Is s(-7) a prime number?
True
Suppose -3*m + 0*m + 12 = 0. Suppose 1619 = 3*v + t, v - m*t = 4*v - 1607. Is v a prime number?
True
Suppose 5*v - 3*i = 11158, 0 = -2*v - 5*i + 5826 - 1369. Is v composite?
True
Let j be (14631 + -3)/2 - -2. Let p = -4207 + j. Is p a composite number?
False
Let z be 27/(-18)*(-20)/6. Suppose 34 = z*y + 9. Suppose -3*c = 3*k - y*c - 477, c - 3 = 0. Is k a prime number?
False
Let c = 43322 + -11439. Is c prime?
True
Suppose -16*m - 2134 = -14*m. Let u = -346 - m. Is u composite?
True
Let x = -10 - -17. Suppose 4*p = 12 - 20. Let v = x - p. Is v a prime number?
False
Let y(v) be the third derivative of v**4/24 - v**3/6 - 6*v**2. Let n be y(2). Let g(o) = 36*o - 1. Is g(n) a prime number?
False
Suppose -n + 5*r - 3 = -3*n, -2*r = 6. Let o(l) = 8*l + 7. Is o(n) prime?
True
Let j(x) = 4*x - 8. Let r be j(3). Suppose 4*a - 15 = -r*s + 9, -3*a = 5*s - 16. Is a prime?
True
Let h = 83 + -89. Is -3 - (-2530)/6 - 2/h a prime number?
True
Is (1445/10 - 6)/((-2)/(-12)) composite?
True
Let q(c) = -c**2 - 18*c - 24. Let r be q(-10). Suppose -4*f = -3*f - 3. Let d = f + r. Is d a prime number?
True
Suppose -3*l + 0*l + 4*m = -54419, -2*l + 3*m = -36280. Is l composite?
True
Let c be (5/5)/((-2)/(-32)). Suppose 11*s - 15*s = -c. Suppose 18 = s*t - 38. Is t composite?
True
Let m = 13 + -10. Let a be (12/16)/(m/8). Suppose 5*q = -2*v + 799, -v - a*q = 3*q - 392. Is v a composite number?
True
Let f = -1414 - -350. Let n = f + 1491. Is n prime?
False
Let v = 91 - 55. Let t = 27 - v. Is 2*69*(-3)/t composite?
True
Suppose -5*q - 27585 = -10*q. Suppose 5*p - 2*h = -4*h + 6875, 0 = 4*p + 5*h - q. Is p a prime number?
True
Let a be ((-30624)/(-3))/1 - 15/5. Suppose -3*j + a = -w, -j + 4*w + 13596 = 3*j. Is j composite?
True
Is 600180/60 + 2*2 composite?
False
Suppose -8*f = -5*l - 13*f + 323980, 4*l - 259177 = 3*f. Is l prime?
False
Suppose 99*w - 12898 = 97*w. Is w a prime number?
True
Suppose -2*g - 2*c - 142 = 0, -2*g + 13*c = 9*c + 124. Suppose -w - 339 + 23 = -3*z, -5*z - 2*w + 534 = 0. Let i = z + g. Is i a composite number?
True
Let m(v) = -2*v + 1103. Let d = 25 - 25. Is m(d) composite?
False
Let t(a) = 9*a + 4*a + 8*a - 4*a + 7. Let c be t(17). Suppose 0 = -2*j + 3*d + 163, 0*d + c = 4*j + 4*d. Is j a composite number?
True
Let h(j) = 4*j**2 + 2*j - 5. Let i be (2 - 3)*(1 - -5). Is h(i) prime?
True
Let y(r) = -r**3 + 9*r**2 + 3*r - 4. Let t be y(4). Suppose 9*o - 3186 = 1287. Let c = o - t. Is c prime?
True
Suppose 2*g - 222 = -m + 6*g, -939 = -4*m - g. Let y = -156 + m. Suppose 4*n + 20 = -n, 0 = 2*u - 2*n - y. Is u composite?
True
Let i be (-2 - -11)*(2 - 1). Suppose -i*z + 3818 = 263. Is z composite?
True
Let s(j) be the second derivative of 149*j**3/6 + 2*j. Let l = -29 + 30. Is s(l) prime?
True
Let l = -18 + 20. Suppose -4*r = -l - 62. Suppose 0*w + r = 2*w - 2*z, -w + 28 = -5*z. Is w prime?
True
Suppose -4*w + 82 = 1558. Let u = w - -739. Let s = 581 - u. Is s a composite number?
False
Let a = -10041 + 14200. Is a composite?
False
Let j(g) = 888*g - 5. Suppose 0*c - 3*n + 16 = c, -4 = -n. Is j(c) prime?
True
Let n = -19 - -21. Let q(c) = 2*c + 1. Let x be q(n). Suppose 0 = 3*h + x*b - 529, -7*h = -2*h - 4*b - 931. Is h composite?
True
Let a = -408 - -740. Let r = -172 + a. Suppose 0 = -4*x + 1308 - r. Is x composite?
True
Suppose -41*d = -45*d. Suppose d = 3*c + 5*z - 1363, 2*c - 5*z = -0*c + 867. Is c a prime number?
False
Let w(u) = -10*u - 30. Let y be w(-5). Suppose -y*h + 471 = -17*h. Is h a composite number?
False
Let h = -24861 - -34994. Is h a prime number?
True
Let c(j) = 5 - j + 8 - 4. Let t be c(13). Is 329 + t/2 - -4 a composite number?
False
Suppose 2*t + 23784 = 6*t + 3*h, -5*h = -4*t + 23784. Let z = 10679 - t. Is z prime?
True
Suppose 0*i - 5*i = 0. Let s be 74/(2/(-2)) + (-6 - -3). Is (3 - 4)*(i + s) composite?
True
Let w = -14 + 14. Suppose w = 2*j - 47 - 1295. Is j composite?
True
Let r(s) = -5*s**2 - 11*s - 7. Let i be r(12). Let c = i + 1668. Is c composite?
False
Let a = -6 - -6. Suppose 0*o + o + 5*c + 6 = a, 3*o = 2*c + 16. Suppose 3*t = 5*p + 265, 3*p = -o*t + 345 + 47. Is t a prime number?
False
Let g = -14629 + 20750. Is g a prime number?
True
Suppose -8*d + 11*d = 26130. Suppose 0 = -3*u - 4*q + 5197, 2*u + 3*q + d = 7*u. Is u composite?
True
Let p(a) = 2*a - 10. Let w be p(5). Suppose -j - 18 + 39 = w. Suppose j = u - 53. Is u a prime number?
False
Let n(f) = -91*f + 6. Is n(-13) a composite number?
True
Let s(b) = -b**2 - 8*b + 3. Let d be s(-8). Let y(h) = 370*h + 7. Is y(d) prime?
True
Suppose 0 = -3*u + 3*d + 1551, -4*d - 1042 = -4*u + 2*u. Suppose -b - 36 = -4*f - 153, -4*b = -f - u. Is b - -1 - 42/14 a prime number?
True
Suppose 0 = n + 5*q - 234, 3*n + q - 678 = -2*q. Suppose 1031 = 5*o - n. Is o composite?
False
Let v(q) = q**3 + 7*q**2 - 7*q + 8. Let z(u) = -u**3 - 4*u**2 - 2*u - 5. Let y be z(-4). Suppose y*s + 2*x - 7*x = -6, -2*s - 3*x = 23. Is v(s) prime?
False
Suppose -c - 2*c = 0. Suppose -2*i - 5*n - 12 = 7, -4*i + n + 17 = c. Suppose -i*l + 20 + 58 = 0. Is l a composite number?
True
Suppose 0 = -6*c + 962 + 27592. Is c composite?
False
Suppose -167*z - 96819 = -170*z. Is z composite?
True
Suppose -2*n + 16 = 2*n. Suppose 0 = 4*a + n*x + 4, -a + 0*a - 5*x - 21 = 0. Suppose -1972 = -a*m + 6*j - j, 5*m + j - 2465 = 0. Is m a prime number?
False
Let p(l) = l**2 - 3*l - 9. Let c = -13 + 9. Is p(c) composite?
False
Let o(d) be the second derivative of -d**5/5 + d**4/3 + d**3/2 - 7*d**2/2 + 2*d. Let i be o(-4). Suppose -i = -v + 3*b - 0*b, v = 5*b + 297. Is v prime?
True
Suppose -5*l + 1837 = -3*l + 3*o, -3*l - 3*o + 2754 = 0. Is l a composite number?
True
Let a = -10399 + 18014. Is a a prime number?
False
Suppose 4*f - m - 3*m - 42640 = 0, -2*m = 3*f - 31995. Is f prime?
True
Suppose 3*b = 5*k + 29 + 5, 3*k + 18 = b. Suppose -b*w + 1798 = -5741. Is w a composite number?
True
Suppose 0 = -5*a - 2*q + 26289, -4*a + q + 4618 = -16421. Is a composite?
True
Let a(s) = 7*s**2 + 24*s + 42. Is a(-17) prime?
True
Suppose -153*q + 42543 = -144*q. Is q a composite number?
True
Is 60/(-8)*(-938)/21 prime?
False
Suppose -20*s + 211056 = -717524. Is s prime?
False
Let w(y) = y**3 - 4*y**2 - 3*y - 7. Let l be w(5). Suppose -2809 = -2*k - l*p, -11434 + 4424 = -5*k - 5*p. Is k prime?
False
Let i be 31772/20 - 3/5. Suppose 3*v - 7*v + i = 0. Is v prime?
True
Let s be 0/(-2 - (-1)/1). Suppose 3*y = 4*v - 2, -2*v - 4 = -4*y - s. Is -3 - -61 - (y + 1) a prime number?
False
Suppose 4*h - 6558 = -2*q, 0 = -4*q - 10*h + 5*h + 13104. Is q prime?
True
Suppose 5 = -5*c + 585. Suppose 0 = 4*i - 2*i + 4*r - 108, -2*r - 2 = 0. Suppose -4*q + c = 